er when 2440 is divided by 45?
10
Calculate the remainder when 1171 is divided by 23.
21
Calculate the remainder when 140 is divided by 18.
14
Calculate the remainder when 86 is divided by 63.
23
What is the remainder when 984 is divided by 471?
42
Calculate the remainder when 95 is divided by 2.
1
Calculate the remainder when 4862 is divided by 38.
36
What is the remainder when 223 is divided by 57?
52
What is the remainder when 134 is divided by 100?
34
Calculate the remainder when 981 is divided by 197.
193
What is the remainder when 16 is divided by 16?
0
What is the remainder when 95 is divided by 33?
29
Calculate the remainder when 292 is divided by 22.
6
What is the remainder when 928 is divided by 19?
16
Calculate the remainder when 40 is divided by 16.
8
Calculate the remainder when 117 is divided by 42.
33
What is the remainder when 318 is divided by 32?
30
What is the remainder when 613 is divided by 44?
41
Calculate the remainder when 1663 is divided by 552.
7
What is the remainder when 1084 is divided by 216?
4
Calculate the remainder when 814 is divided by 207.
193
What is the remainder when 403 is divided by 381?
22
Calculate the remainder when 585 is divided by 84.
81
What is the remainder when 972 is divided by 457?
58
Calculate the remainder when 883 is divided by 174.
13
What is the remainder when 9140 is divided by 33?
32
Calculate the remainder when 498 is divided by 73.
60
Calculate the remainder when 3826 is divided by 1268.
22
Calculate the remainder when 174 is divided by 74.
26
What is the remainder when 303 is divided by 28?
23
Calculate the remainder when 562 is divided by 22.
12
What is the remainder when 1526 is divided by 251?
20
What is the remainder when 13029 is divided by 69?
57
Calculate the remainder when 9296 is divided by 50.
46
Calculate the remainder when 1778 is divided by 257.
236
What is the remainder when 43 is divided by 27?
16
What is the remainder when 24 is divided by 16?
8
Calculate the remainder when 325 is divided by 55.
50
Calculate the remainder when 7090 is divided by 62.
22
What is the remainder when 60 is divided by 26?
8
What is the remainder when 3244 is divided by 112?
108
What is the remainder when 131 is divided by 21?
5
What is the remainder when 2113 is divided by 698?
19
Calculate the remainder when 2623 is divided by 101.
98
Calculate the remainder when 1707 is divided by 28.
27
What is the remainder when 767 is divided by 171?
83
What is the remainder when 43 is divided by 8?
3
Calculate the remainder when 526 is divided by 107.
98
What is the remainder when 3158 is divided by 29?
26
What is the remainder when 2484 is divided by 62?
4
What is the remainder when 19 is divided by 6?
1
Calculate the remainder when 1330 is divided by 12.
10
What is the remainder when 391 is divided by 66?
61
Calculate the remainder when 257 is divided by 39.
23
Calculate the remainder when 475 is divided by 59.
3
What is the remainder when 55 is divided by 23?
9
What is the remainder when 7435 is divided by 201?
199
Calculate the remainder when 4302 is divided by 1074.
6
Calculate the remainder when 781 is divided by 29.
27
What is the remainder when 16285 is divided by 31?
10
What is the remainder when 143 is divided by 117?
26
What is the remainder when 438 is divided by 88?
86
Calculate the remainder when 404 is divided by 81.
80
Calculate the remainder when 306 is divided by 71.
22
What is the remainder when 279 is divided by 52?
19
What is the remainder when 179 is divided by 61?
57
What is the remainder when 482 is divided by 226?
30
Calculate the remainder when 466 is divided by 8.
2
Calculate the remainder when 1294 is divided by 81.
79
Calculate the remainder when 1345 is divided by 168.
1
Calculate the remainder when 345 is divided by 15.
0
What is the remainder when 1528 is divided by 39?
7
Calculate the remainder when 552 is divided by 312.
240
Calculate the remainder when 42 is divided by 24.
18
Calculate the remainder when 87 is divided by 51.
36
What is the remainder when 34 is divided by 31?
3
Calculate the remainder when 214 is divided by 8.
6
What is the remainder when 1037 is divided by 516?
5
Calculate the remainder when 851 is divided by 182.
123
Calculate the remainder when 633 is divided by 185.
78
Calculate the remainder when 1191 is divided by 199.
196
What is the remainder when 163 is divided by 69?
25
Calculate the remainder when 94 is divided by 49.
45
Calculate the remainder when 2979 is divided by 1486.
7
Calculate the remainder when 195 is divided by 97.
1
Calculate the remainder when 955 is divided by 37.
30
Calculate the remainder when 334 is divided by 11.
4
What is the remainder when 2732 is divided by 11?
4
What is the remainder when 298 is divided by 76?
70
What is the remainder when 608 is divided by 87?
86
What is the remainder when 57 is divided by 44?
13
Calculate the remainder when 1886 is divided by 27.
23
Calculate the remainder when 42 is divided by 39.
3
What is the remainder when 120 is divided by 44?
32
What is the remainder when 115 is divided by 41?
33
What is the remainder when 4265 is divided by 17?
15
Calculate the remainder when 77 is divided by 10.
7
What is the remainder when 615 is divided by 22?
21
Calculate the remainder when 124 is divided by 30.
4
Calculate the remainder when 53 is divided by 15.
8
What is the remainder when 942 is divided by 86?
82
What is the remainder when 838 is divided by 284?
270
Calculate the remainder when 1597 is divided by 40.
37
Calculate the remainder when 155 is divided by 59.
37
What is the remainder when 1887 is divided by 28?
11
Calculate the remainder when 103 is divided by 7.
5
Calculate the remainder when 731 is divided by 147.
143
What is the remainder when 2393 is divided by 38?
37
Calculate the remainder when 106 is divided by 16.
10
What is the remainder when 478 is divided by 120?
118
Calculate the remainder when 2627 is divided by 291.
8
What is the remainder when 390 is divided by 49?
47
Calculate the remainder when 11757 is divided by 15.
12
Calculate the remainder when 2213 is divided by 123.
122
Calculate the remainder when 827 is divided by 273.
8
What is the remainder when 272 is divided by 17?
0
What is the remainder when 2067 is divided by 115?
112
Calculate the remainder when 2987 is divided by 10.
7
Calculate the remainder when 34 is divided by 6.
4
What is the remainder when 6213 is divided by 28?
25
What is the remainder when 28 is divided by 19?
9
What is the remainder when 740 is divided by 31?
27
What is the remainder when 976 is divided by 165?
151
What is the remainder when 74 is divided by 4?
2
Calculate the remainder when 298 is divided by 101.
96
What is the remainder when 2049 is divided by 12?
9
Calculate the remainder when 314 is divided by 110.
94
What is the remainder when 165 is divided by 12?
9
Calculate the remainder when 561 is divided by 93.
3
What is the remainder when 836 is divided by 40?
36
What is the remainder when 5853 is divided by 1166?
23
What is the remainder when 76 is divided by 42?
34
Calculate the remainder when 45 is divided by 14.
3
Calculate the remainder when 23 is divided by 17.
6
What is the remainder when 1002 is divided by 199?
7
What is the remainder when 205 is divided by 48?
13
Calculate the remainder when 198 is divided by 20.
18
What is the remainder when 797 is divided by 106?
55
What is the remainder when 14647 is divided by 148?
143
What is the remainder when 171 is divided by 85?
1
Calculate the remainder when 7139 is divided by 5.
4
Calculate the remainder when 46 is divided by 16.
14
Calculate the remainder when 2406 is divided by 29.
28
Calculate the remainder when 2471 is divided by 14.
7
What is the remainder when 328 is divided by 87?
67
Calculate the remainder when 1510 is divided by 34.
14
Calculate the remainder when 333 is divided by 26.
21
Calculate the remainder when 87 is divided by 12.
3
What is the remainder when 104 is divided by 104?
0
What is the remainder when 107 is divided by 11?
8
Calculate the remainder when 160 is divided by 2.
0
What is the remainder when 305 is divided by 62?
57
What is the remainder when 60 is divided by 24?
12
Calculate the remainder when 14517 is divided by 33.
30
Calculate the remainde